 digit of 2274?
2
What is the ten thousands digit of 97329?
9
What is the hundreds digit of 12691?
6
What is the tens digit of 1499?
9
What is the tens digit of 25173?
7
What is the tens digit of 19075?
7
What is the units digit of 527?
7
What is the hundreds digit of 1138?
1
What is the ten thousands digit of 73203?
7
What is the units digit of 2448?
8
What is the tens digit of 17348?
4
What is the hundreds digit of 3499?
4
What is the units digit of 1915?
5
What is the hundreds digit of 30779?
7
What is the tens digit of 6493?
9
What is the thousands digit of 67414?
7
What is the units digit of 12378?
8
What is the thousands digit of 7605?
7
What is the tens digit of 44673?
7
What is the ten thousands digit of 42004?
4
What is the thousands digit of 9563?
9
What is the tens digit of 392?
9
What is the units digit of 64628?
8
What is the units digit of 2650?
0
What is the units digit of 20929?
9
What is the hundreds digit of 1311?
3
What is the thousands digit of 25535?
5
What is the units digit of 7632?
2
What is the tens digit of 907?
0
What is the units digit of 202426?
6
What is the thousands digit of 1634?
1
What is the units digit of 5514?
4
What is the thousands digit of 53415?
3
What is the tens digit of 82223?
2
What is the units digit of 548?
8
What is the thousands digit of 21913?
1
What is the tens digit of 878?
7
What is the tens digit of 16136?
3
What is the hundreds digit of 16838?
8
What is the units digit of 4069?
9
What is the units digit of 41200?
0
What is the tens digit of 1969?
6
What is the thousands digit of 1320?
1
What is the tens digit of 9208?
0
What is the units digit of 13649?
9
What is the hundreds digit of 1760?
7
What is the hundreds digit of 2232?
2
What is the tens digit of 982?
8
What is the tens digit of 21403?
0
What is the tens digit of 1164?
6
What is the tens digit of 23125?
2
What is the hundreds digit of 5222?
2
What is the tens digit of 5790?
9
What is the tens digit of 756?
5
What is the hundreds digit of 73009?
0
What is the thousands digit of 1188?
1
What is the hundreds digit of 1807?
8
What is the units digit of 832?
2
What is the hundreds digit of 5319?
3
What is the thousands digit of 26854?
6
What is the tens digit of 10203?
0
What is the hundred thousands digit of 118951?
1
What is the units digit of 4895?
5
What is the thousands digit of 14697?
4
What is the units digit of 648?
8
What is the hundreds digit of 144?
1
What is the units digit of 492?
2
What is the tens digit of 3889?
8
What is the thousands digit of 70786?
0
What is the tens digit of 49098?
9
What is the hundreds digit of 4755?
7
What is the units digit of 1442?
2
What is the hundreds digit of 998?
9
What is the units digit of 242?
2
What is the hundreds digit of 1187?
1
What is the hundreds digit of 5782?
7
What is the thousands digit of 78200?
8
What is the hundreds digit of 1479?
4
What is the tens digit of 819?
1
What is the ten thousands digit of 15267?
1
What is the tens digit of 17001?
0
What is the ten thousands digit of 142377?
4
What is the units digit of 1886?
6
What is the hundreds digit of 298?
2
What is the units digit of 1?
1
What is the ten thousands digit of 11821?
1
What is the units digit of 65812?
2
What is the tens digit of 2697?
9
What is the ten thousands digit of 32524?
3
What is the units digit of 395?
5
What is the thousands digit of 3462?
3
What is the hundreds digit of 43172?
1
What is the tens digit of 1796?
9
What is the tens digit of 1873?
7
What is the units digit of 5987?
7
What is the tens digit of 7750?
5
What is the units digit of 9668?
8
What is the ten thousands digit of 122038?
2
What is the hundreds digit of 169581?
5
What is the hundreds digit of 906?
9
What is the hundreds digit of 4025?
0
What is the ten thousands digit of 41605?
4
What is the units digit of 4121?
1
What is the units digit of 473?
3
What is the hundreds digit of 986?
9
What is the tens digit of 107515?
1
What is the tens digit of 92411?
1
What is the thousands digit of 86252?
6
What is the hundreds digit of 47514?
5
What is the units digit of 1506?
6
What is the hundreds digit of 1756?
7
What is the units digit of 647?
7
What is the hundreds digit of 252?
2
What is the ten thousands digit of 15784?
1
What is the hundreds digit of 14242?
2
What is the units digit of 11788?
8
What is the hundreds digit of 3332?
3
What is the units digit of 103441?
1
What is the tens digit of 3093?
9
What is the thousands digit of 72540?
2
What is the thousands digit of 9980?
9
What is the hundreds digit of 16440?
4
What is the hundreds digit of 4511?
5
What is the hundreds digit of 641?
6
What is the ten thousands digit of 110065?
1
What is the tens digit of 12?
1
What is the tens digit of 162138?
3
What is the thousands digit of 1774?
1
What is the units digit of 3902?
2
What is the units digit of 398?
8
What is the tens digit of 86267?
6
What is the hundreds digit of 7265?
2
What is the thousands digit of 18240?
8
What is the hundreds digit of 1248?
2
What is the units digit of 23081?
1
What is the thousands digit of 28025?
8
What is the hundreds digit of 187004?
0
What is the hundreds digit of 1066?
0
What is the tens digit of 2497?
9
What is the units digit of 8791?
1
What is the hundreds digit of 514?
5
What is the units digit of 13264?
4
What is the hundreds digit of 14766?
7
What is the hundreds digit of 509?
5
What is the tens digit of 192?
9
What is the ten thousands digit of 20606?
2
What is the ten thousands digit of 51146?
5
What is the hundreds digit of 3104?
1
What is the thousands digit of 112470?
2
What is the hundreds digit of 7917?
9
What is the units digit of 217?
7
What is the units digit of 4742?
2
What is the ten thousands digit of 40811?
4
What is the tens digit of 2190?
9
What is the units digit of 59276?
6
What is the hundreds digit of 980?
9
What is the thousands digit of 8280?
8
What is the tens digit of 26684?
8
What is the hundreds digit of 9328?
3
What is the tens digit of 216?
1
What is the tens digit of 43?
4
What is the units digit of 48270?
0
What is the tens digit of 1368?
6
What is the thousands digit of 54293?
4
What is the tens digit of 8549?
4
What is the tens digit of 970?
7
What is the thousands digit of 1883?
1
What is the ten thousands digit of 44557?
4
What is the hundreds digit of 91565?
5
What is the tens digit of 74617?
1
What is the tens digit of 558?
5
What is the tens digit of 470?
7
What is the units digit of 6296?
6
What is the thousands digit of 2470?
2
What is the tens digit of 64912?
1
What is the tens digit of 11166?
6
What is the hundreds digit of 83283?
2
What is the hundreds digit of 1853?
8
What is the hundreds digit of 3602?
6
What is the thousands digit of 9354?
9
What is the tens digit of 191021?
2
What is the units digit of 18288?
8
What is the hundreds digit of 1381?
3
What is the tens digit of 5189?
8
What is the thousands digit of 3417?
3
What is the hundreds digit of 1048?
0
What is the thousands digit of 11916?
1
What is the units digit of 296?
6
What is the ten thousands digit of 45047?
4
What is the tens digit of 27606?
0
What is the hundreds digit of 1740?
7
What is the tens digit of 12403?
0
What is the thousands digit of 19342?
9
What is the ten thousands digit of 50312?
5
What is the thousands digit of 10177?
0
What is the hundreds digit of 13404?
4
What is the units digit of 5656?
6
What is the hundreds digit of 2436?
4
What is the tens digit of 736?
3
What is the ten thousands digit of 70158?
7
What is the hundreds digit of 2856?
8
What is the hundreds digit of 6560?
5
What is the tens digit of 660?
6
What is the units digit of 45597?
7
What is the thousands digit of 1499?
1
What is the units digit of 1294?
4
What is the units digit of 855?
5
What is the tens digit of 50655?
5
What is the units digit of 26798?
8
What is the thousands digit of 1200?
1
What is the units digit of 1736?
6
What is the units digit of 1719?
9
What is the thousands digit of 1413?
1
What is the tens digit of 492?
9
What is the hundreds digit of 17173?
1
What is the ten thousands digit of 26057?
2
What is the tens digit of 2049?
4
What is the tens digit of 1698?
9
What is the ten thousands digit of 19801?
1
What is the units digit of 2202?
2
What is the hundreds digit of 16699?
6
W